{"id":51,"date":"2014-04-04T06:50:25","date_gmt":"2014-04-04T04:50:25","guid":{"rendered":"http:\/\/franceza.cnprsv.ro\/?page_id=51"},"modified":"2014-04-26T11:47:31","modified_gmt":"2014-04-26T09:47:31","slug":"de-la-elevi","status":"publish","type":"page","link":"https:\/\/franceza.cnprsv.ro\/?page_id=51","title":{"rendered":"&#8230; de la elevi"},"content":{"rendered":"<p>&nbsp;<\/p>\n<p>&nbsp;<\/p>\n<h3><strong>Ecouri de la elevi<\/strong><\/h3>\n<p>&nbsp;<\/p>\n<p style=\"text-align: center;\"><em><strong>Maria Gavrilovici, XII C<\/strong><\/em><\/p>\n<blockquote><p>Teatrul este un virus pe care l-am contactat \u0219i care nu m\u0103 va p\u0103r\u0103si niciodat\u0103. Este nebunia mea!<\/p>\n<p>Mi s-a spus adesea c\u0103 exist\u0103 experien\u021be care schimba cursul unei vie\u021bi. A tr\u0103i lucrul acesta pe propria mea piele, crede\u021bi-m\u0103, merit\u0103 \u00eencercat ! Pe scen\u0103, \u00een culise, la festivaluri, tinere\u021be, am descoperit o lume nou\u0103, oameni extraordinari de pretutindeni. Dar, cel mai important, m-am descoperit pe mine \u00eens\u0103mi, cea care nu \u00eendr\u0103znea s\u0103 se dezv\u0103luie. A fost \u00eent\u00e2lnirea care m-a f\u0103cut s\u0103 m\u0103 deschid \u0219i care m-a ajutat s\u0103 devin ceea ce sunt \u00een prezent. Mul\u021bumesc Arad, mul\u021bumesc Amifran, mul\u021bumesc BCBG. Mi-a\u021bi schimbat via\u021ba!<\/p><\/blockquote>\n<p>&nbsp;<\/p>\n<p align=\"center\"><em><strong>Cosmin B\u0103dr\u0103gan, XI H<\/strong><\/em><\/p>\n<blockquote><p>\u00cen opinia mea participarea la un festival este un prilej bun de a cunoa\u0219te persoane noi, at\u00e2t din \u021bar\u0103 c\u00e2t \u0219i din afara acesteia, de a-\u021bi face noi prieteni de afla despre sistemul \u0219colilor din alte \u021b\u0103ri, \u0219i despre modul de via\u021b\u0103 din acele \u021b\u0103ri. De asemenea, este un bun prilej de a ne perfec\u021biona franceza comunic\u00e2nd cu alte persoane.<\/p>\n<p>\u00cen urma acestui festival am r\u0103mas cu amintiri foarte frumoase cum ar repeti\u021biile, drumul spre Arad, \u00eent\u00e2lnirea cu toate celelalte trupe, deschiderea festivalului, dar mai ales momentul piesei noastre, emo\u021biile pe care le aveam \u00eenainte de a intra pe scena, care au disp\u0103rut dup\u0103 5 minute de la intrarea pe scen\u0103. Cred c\u0103 singurul moment care nu mi-a pl\u0103cut la acest festival a fost acela de \u00eenchidere a festivalului, deoarece eram tri\u0219ti c\u0103 s-a terminat \u0219i trebuie s\u0103 plecam, s\u0103 ne lu\u0103m r\u0103mas bun de la noii no\u0219tri prieteni, cu care e foarte posibil s\u0103 nu ne mai \u00eent\u00e2lnim, dar cu mul\u021bi \u00eenc\u0103 \u021bin leg\u0103tura \u0219i acum.<\/p><\/blockquote>\n<p>&nbsp;<\/p>\n<p align=\"center\"><strong><em>Aristide Gafencu Grigore<\/em><\/strong><\/p>\n<p><b>Anul promov\u0103rii bacalaureatului<\/b>: 2012<br \/>\n<b>Filiera<\/b>: matematic\u0103-informatic\u0103<br \/>\n<b>Ocupa\u021bia actual\u0103<\/b>: student la medicin\u0103 general\u0103 la Cluj-Napoca<br \/>\n<b>Continuarea studiilor<\/b>: specializare \u00een oncologie \u00een Fran\u021ba<\/p>\n<blockquote><p>Pentru cei care vor s\u0103 lucreze \u00een domeniul francofon, acest parcurs este esen\u021bial.<\/p><\/blockquote>\n<p><b>Ce studii urma\u021bi \u0219i care sunt proiectele dumneavoastr\u0103 de viitor <\/b><\/p>\n<blockquote><p>Sunt student la medicin\u0103 general\u0103 la Universitatea de la Cluj Napoca \u0219i vreau apoi s\u0103 studiez \u00een Fran\u021ba \u00een specializarea cancerologie.<\/p><\/blockquote>\n<p><b>De ce a\u021bi ales \u00eenv\u0103\u021b\u0103m\u00e2ntul bilingv ?<\/b><\/p>\n<blockquote><p>Pentru a avea solide cuno\u0219tin\u021be de francez\u0103.<\/p><\/blockquote>\n<p><b>V-a pl\u0103cut lucrul acesta \u0219i ce c\u00e2\u0219tig a\u021bi avut ?<\/b><\/p>\n<blockquote><p>Mi-a pl\u0103cut, bine\u00een\u021beles, \u0219i \u00een special faptul c\u0103 acest parcurs \u0219colar mi-a permis s\u0103 cunosc bine o alt\u0103 cultur\u0103. Ast\u0103zi m\u0103 folosesc de aceste cuno\u0219tin\u021be \u00een studiile mele c\u00e2nd lucrez cu elemente de bibliografie redactate \u00een limba francez\u0103. Lucrul acesta \u00eemi permite de asemenea s\u0103 comunic cu studen\u021bii francofoni de la universitate \u0219i s\u0103 colaborez cu ei pe parcursul activit\u0103\u021bilor academice.<\/p><\/blockquote>\n<p><b>De ce a\u021bi recomanda acest parcurs \u0219colar viitorilor liceeni?<\/b><\/p>\n<blockquote><p>Pentru cei care vor s\u0103 lucreze \u00een domeniul francofon, acest parcurs este esen\u021bial.<\/p><\/blockquote>\n<p>&nbsp;<\/p>\n<p style=\"text-align: center;\"><strong><em>Giorgiana Robu<\/em><\/strong><\/p>\n<p><b>Anul promov\u0103rii bacalaureatului<\/b>: 2010<br \/>\n<b>Filiera:<\/b> matematic\u0103-informatic\u0103<br \/>\n<b>Ocupa\u021bia actual\u0103<\/b>: student\u0103 la ASE, filiera Administrarea afacerilor, sec\u021bia francez\u0103<br \/>\n<b>Continuarea studiilor<\/b>: traduc\u0103tor sau contabil \u00een mediul francofon<\/p>\n<blockquote><p>Cuno\u0219tin\u021bele \u00eemi permit s\u0103 urmez cu u\u0219urin\u021b\u0103 cursurile \u00een limba francez\u0103 la Universitate.<\/p><\/blockquote>\n<p><b>Ce studii urma\u021bi \u0219i care sunt proiectele dumneavoastr\u0103 de viitor ?<\/b><\/p>\n<blockquote><p>Sunt student\u0103 la ASE (Academia de Studii Economice), filiera Administrarea afacerilor, sec\u021bia francez\u0103. Am de asemenea o diplom\u0103 de traduc\u0103tor \u00een terminologie. Pe viitor as dori s\u0103 devin traduc\u0103toare sau contabil\u0103 \u00een mediu francofon, dar \u00eemi place \u00een egal\u0103 m\u0103sur\u0103 s\u0103 predau aceasta limba copiilor.<\/p><\/blockquote>\n<p><b>De ce a\u021bi ales \u00eenv\u0103\u021b\u0103m\u00e2ntul bilingv ?<\/b><\/p>\n<blockquote><p>Pentru c\u0103 eram deja pasionat\u0103 de limba francez\u0103 \u00eenc\u0103 de la v\u00e2rsta de 10 ani. Am vrut de asemenea s\u0103-mi \u00eembun\u0103t\u0103\u021besc nivelul de limba \u0219i s\u0103 cunosc mai bine cultura, geografia \u0219i istoria francez\u0103.<\/p><\/blockquote>\n<p><b>Ce v-a pl\u0103cut \u0219i ce c\u00e2\u0219tig a\u021bi avut \u00een urma studiilor liceale ?<\/b><\/p>\n<blockquote><p>Am luat parte la numeroase proiecte \u00een timpul anilor de liceu \u0219i am ob\u021binut DELF nivelul B2 \u00een anul 2008. Aceste cuno\u0219tin\u021be \u00eemi permit s\u0103 urmez cu u\u0219urin\u021ba cursurile \u00een limba francez\u0103 la Universitate.<\/p><\/blockquote>\n<p><b>De ce a\u021bi recomanda acest parcurs \u0219colar viitorilor liceeni ?<\/b><\/p>\n<blockquote><p>Pentru c\u0103 eu consider c\u0103 este o \u0219ans\u0103 unic\u0103.<\/p><\/blockquote>\n<p>&nbsp;<\/p>\n<p align=\"center\"><strong><em>Maria Chiriloaia<\/em><\/strong><\/p>\n<p><b>Anul promov\u0103rii bacalaureatului<\/b> : 2012<br \/>\n<b>Ocupa\u021bia actual\u0103<\/b>: student\u0103 \u00een primul an la \u0218tiin\u021be politice, filiera francez\u0103<\/p>\n<blockquote><p>Eu cred c\u0103 a cunoa\u0219te o limb\u0103 str\u0103in\u0103 la un nivel at\u00e2t de ridicat este un atu obligatoriu pentru a reu\u0219i \u00een via\u021ba profesional\u0103.<\/p><\/blockquote>\n<p><b>Ce studii urma\u021bi \u0219i care sunt proiectele dumneavoastr\u0103 de viitor ?<\/b><\/p>\n<blockquote><p>Dup\u0103 liceu, am decis s\u0103 urmez studiile de \u0218tiin\u021be politice \u00een limba francez\u0103 la Bucure\u0219ti. Nivelul de cunoa\u0219tere a limbii mi-a permis s\u0103 urmez cursurile cu u\u0219urin\u021b\u0103. Acest aspect francofon al parcursului meu \u0219colar constituie pentru mine un mare c\u00e2\u0219tig c\u0103ci limba francez\u0103 are o mare importan\u021b\u0103 \u00een societatea contemporan\u0103.<\/p><\/blockquote>\n<p><b>Ce v-a pl\u0103cut \u0219i ce c\u00e2\u0219tig a\u021bi avut \u00een urma studiilor liceale ?<\/b><\/p>\n<blockquote><p>Liceul reprezint\u0103 o perioad\u0103 foarte frumoas\u0103 \u00een timpul c\u0103reia am avut \u0219ansa de a avea profesori excep\u021bionali, care sunt adev\u0103rate modele demne de urmat. Am ob\u021binut DELF-ul la sf\u00e2r\u0219itul liceului, dar precizez c\u0103 dincolo de cuno\u0219tin\u021bele de limb\u0103, structura bilingv\u0103 francofon\u0103 m-a \u00eenv\u0103\u021bat s\u0103 lucrez \u00een echip\u0103, s\u0103 m\u0103 documentez, iar lucrul acesta mi-a permis s\u0103 descop\u0103r noi lucruri \u0219i s\u0103-mi l\u0103rgesc orizontul.<\/p><\/blockquote>\n<p><b>De ce a\u021bi recomanda acest parcurs viitorilor liceeni ?<\/b><\/p>\n<blockquote><p>Pentru c\u0103 la sf\u00e2r\u0219itul liceului, promovarea bacalaureatului francofon reprezint\u0103 un mare avantaj pentru viitor.<\/p><\/blockquote>\n<p>&nbsp;<\/p>\n<p align=\"center\"><strong><em>C\u0103t\u0103lina Mironescu<\/em><\/strong><\/p>\n<p><strong>Anul promov\u0103rii bacalaureatului<\/strong> : 2010<br \/>\n<strong>Ocupa\u021bia actual\u0103<\/strong>: student\u0103 la Sociologie \u0219i Asisten\u021b\u0103 la departamentul de Resurse umane<br \/>\n<strong>Continuarea studiilor<\/strong>: asistent\u0103 la departamentul de Resurse Umane<\/p>\n<blockquote><p>Parcursul bilingv mi-a permis s\u0103 cunosc limba francez\u0103, iar lucrul acesta mi-a deschis calea de acces c\u0103tre \u00eenv\u0103\u021b\u0103m\u00e2ntul superior.<\/p><\/blockquote>\n<p><strong>Ce studii urma\u021bi \u0219i care sunt proiectele dumneavoastr\u0103 de viitor ?<\/strong><\/p>\n<blockquote><p>Sunt student\u0103 la sociologie \u0219i lucrez deja c\u0103 asistent\u0103 la departamentul de Resurse umane. Acesta este direc\u021bia \u00een care doresc s\u0103-mi continui studiile universitare \u0219i postuniversitare.<\/p><\/blockquote>\n<p><strong>De ce a\u021bi ales \u00eenv\u0103\u021b\u0103m\u00e2ntul bilingv ?<\/strong><\/p>\n<blockquote><p>Pentru c\u0103 \u00eemi place aceasta limb\u0103 de c\u00e2nd eram mic\u0103 \u0219i pentru c\u0103 \u0219tiam c\u0103 orele de curs de la liceul bilingv sunt interesante.<\/p><\/blockquote>\n<p><strong>Ce v-a pl\u0103cut \u0219i ce c\u00e2\u0219tig a\u021bi avut \u00een urma studiilor liceale ?<\/strong><\/p>\n<blockquote><p>Lucrul acesta mi-a permis s\u0103 cunosc limba francez\u0103 \u0219i mi-a deschis calea de acces c\u0103tre \u00eenv\u0103\u021b\u0103m\u00e2ntul superior.<\/p><\/blockquote>\n<p><strong>De ce a\u021bi recomanda acest parcurs viitorilor liceeni ?<\/strong><\/p>\n<blockquote><p>Pentru c\u0103 este singura modalitate de a \u00eenv\u0103\u021ba limba francez\u0103 \u0219i de a promova bacalaureatul francofon.<\/p><\/blockquote>\n<p>&nbsp;<\/p>\n<p align=\"center\"><strong><em>Vlad Cristian Ciornohuz<\/em><\/strong><\/p>\n<p style=\"text-align: left;\" align=\"center\"><b><b>Anul promov\u0103rii bacalaureatului<\/b>: <\/b>2007<b><br \/>\n<b>Filiera:<\/b> <\/b>matematic\u0103 \u2013 fizic\u0103 bilingv rom\u00e2n\u0103-francez\u0103<\/p>\n<blockquote>\n<p style=\"text-align: left;\" align=\"center\">C\u00e2t despre mine, dup\u0103 3 ani petrecu\u021bi \u00een Paris, am studiat 2 ani \u00een Rennes la ENSAI (o \u0219coal\u0103 de statistic\u0103). Am f\u0103cut \u00een paralel \u0219i o licen\u021b\u0103 de \u00e9conomie-gestion la Rennes. Din septembrie am \u00eenceput s\u0103 lucrez c\u0103 func\u021bionar la ministerul economiei, mai exact la Direction G\u00e9n\u00e9rale du Tr\u00e9sor\/biroul previziuni interna\u021bionale unde sunt responsabil de China \u0219i Japonia.<\/p>\n<p>Este adev\u0103rat c\u0103 sunt foarte mul\u021bumit de primul meu post pentru c\u0103 m\u0103 face s\u0103 descop\u0103r un nou domeniu, economia, dar \u00een acela\u0219i timp p\u0103streaz\u0103 o component\u0103 tehnic\u0103 destul de important\u0103, econometria. Tipul de model econometric \u00een sine nu este confiden\u021bial (este folosit de majoritatea persoanelor care fac previziuni), \u00abmod\u00e8le \u00e0 correction d\u2019erreur\u00bb. Modelul estimeaz\u0103 pentru fiecare variabil\u0103 economic\u0103 important\u0103 o ecua\u021bie (consum, investi\u021bii, exporturi, importuri, salarii etc.).<br \/>\nMi-ar face pl\u0103cere s\u0103 aflu nout\u0103\u021bi despre proiectele pe care le derula\u021bi, care par foarte interesante, dar \u0219i despre ce se mai \u00eent\u00e2mpl\u0103 \u00een liceu (olimpiade, concursuri).<br \/>\nNumai bine, <i>Petru Rare\u015f<\/i>!<\/p><\/blockquote>\n<p>&nbsp;<\/p>\n<p><img loading=\"lazy\" decoding=\"async\" class=\"alignright  wp-image-300\" alt=\"Merchea Andrei\" src=\"https:\/\/franceza.cnprsv.ro\/wp-content\/uploads\/2014\/04\/Merchea-Andrei.jpg\" width=\"208\" height=\"138\" srcset=\"https:\/\/franceza.cnprsv.ro\/wp-content\/uploads\/2014\/04\/Merchea-Andrei.jpg 960w, https:\/\/franceza.cnprsv.ro\/wp-content\/uploads\/2014\/04\/Merchea-Andrei-300x200.jpg 300w\" sizes=\"(max-width: 208px) 100vw, 208px\" \/><\/p>\n<p align=\"center\"><b> <\/b><em><strong>Merchea Andrei<\/strong><\/em><\/p>\n<p style=\"text-align: left;\" align=\"center\"><b>Absolvent al clasei de matematic\u0103-informatic\u0103 bilingv rom\u00e2n\u0103-francez\u0103 promo\u021bia 2003<\/b><\/p>\n<blockquote><p>C\u00e2nd m\u0103 g\u00e2ndesc la cei patru ani petrecu\u021bi la <b><i>Colegiul Na\u021bional Petru Rare\u0219 <\/i><\/b>nu pot face o diferen\u021b\u0103 \u00eentre via\u021ba mea personal\u0103 \u0219i cea de elev pentru c\u0103 se confund\u0103. Pentru mine <i>Colegiul Na\u021bional Petru Rare\u0219<\/i> nu a fost doar o \u0219coal\u0103. <i>Colegiul Na\u021bional Petru Rare\u0219<\/i> a fost o modalitate de via\u021b\u0103. P\u0103rerea mea este c\u0103 nu putem face adev\u0103rata performan\u021b\u0103 doar cu un suport didactic foarte bun, f\u0103r\u0103 s\u0103 avem un mediu care s\u0103 ne ajute s\u0103 ne descoperim personalitatea. Este un colegiu care prin activit\u0103\u021bile extra\u0219colare permite elevilor s\u0103 nu fie doar robo\u021bi care nu se pot adapta lumii cotidiene.<\/p>\n<p><i>Petru Rare\u0219<\/i> formeaz\u0103 oameni!!<\/p><\/blockquote>\n<p>&nbsp;<\/p>\n<p><img loading=\"lazy\" decoding=\"async\" class=\"alignright  wp-image-299\" alt=\"Cajvanean Monica\" src=\"https:\/\/franceza.cnprsv.ro\/wp-content\/uploads\/2014\/04\/Cajvanean-Monica.jpg\" width=\"203\" height=\"133\" \/><\/p>\n<p align=\"center\"><strong><em>C\u0103jv\u0103nean Monica<\/em><\/strong><\/p>\n<p style=\"text-align: left;\" align=\"center\"><b>Student\u0103 la Universitatea Politehnic\u0103 Bucure\u0219ti, Inginerie chimic\u0103 bilingv francez\u0103-englez\u0103, anul II<\/b><\/p>\n<blockquote><p>\u00cen urm\u0103 cu 20 de ani a \u00eenceput, ceea ce a devenit o tradi\u021bie pentru noi rom\u00e2nii &#8211; Celebrarea Francofoniei. \u00cen ultimii ani, pentru mine acest eveniment a fost un bun prilej de a promova valorile \u0219i simbolurile mediului francofon. Desigur, pe parcursul liceului am \u00eenv\u0103\u021bat s\u0103 le valorific \u00eentr-un mod propriu, astfel am dezvoltat o pasiune pentru limba francez\u0103. \u0218i nu doar at\u00e2t, aproape tot ce am realizat p\u00e2n\u0103 acum a fost datorit\u0103 alegerii <i>Filierei Francofone<\/i> \u00een <i>Colegiul Na\u021bional Petru Rare\u0219<\/i>. Prin teatru am descoperit o nou\u0103 manier\u0103 de a m\u0103 defini, prin vorbirea limbii franceze mi-am f\u0103cut prieteni cu care \u00eenc\u0103 \u021bin leg\u0103tura, prin terminarea unui profil bilingv, acum, sunt student\u0103 \u00een a\u0219teptarea confirm\u0103rii unei burse \u00een Fran\u021ba.<\/p>\n<p>A\u0219adar, am numeroase motive pentru a celebra Francofonia cu valorile ei \u00een care cred.<\/p><\/blockquote>\n<p>&nbsp;<\/p>\n<p style=\"text-align: center;\" align=\"center\"><strong><em><br \/>\nCosmina Donec <\/em><\/strong><\/p>\n<p style=\"text-align: left;\" align=\"center\"><b>Ocupa\u021bia actual\u0103: <\/b>student\u0103 \u00een anul I la Academia de Studii Economice Bucure\u0219ti<\/p>\n<blockquote><p>Aceast\u0103 filier\u0103, de\u0219i la prima vedere nu pare s\u0103-\u021bi ofere foarte multe oportunit\u0103\u021bi, tind s\u0103 cred c\u0103 de fapt este una dintre cele mai frumoase. Prin intermediul acestui profil po\u021bi intra \u00een contact direct cu istoria \u0219i cultura francez\u0103, \u00een special cu domeniul at\u00e2t de magic al literaturii.<br \/>\nAjungi efectiv s\u0103 te \u00eendr\u0103goste\u0219ti de limba francez\u0103, de personalit\u0103\u021bi c\u0103 Napoleon Bonaparte, Charles de Gaule, Lara Fabian, Roch Voisine, Albert Camus \u0219i mul\u021bi al\u021bii.<\/p>\n<p>Acum pe plan profesional, eu consider c\u0103 acest profil te ajut\u0103 s\u0103-\u021bi dezvol\u021bi foarte mult partea creativ\u0103, aici m\u0103 refer \u00een special la proiectul pe care a trebuit s\u0103-l realiz\u0103m. Pe parcursul acestuia am \u00eenv\u0103\u021bat un lucru esen\u021bial \u00een perioada studen\u021biei, \u0219i anume &#8221; Munca \u00een echip\u0103\u201c, lucru ce nu se aplic\u0103 \u00een cadrul celorlalte materii.<\/p>\n<p>F\u0103r\u0103 a mai pune la socoteal\u0103 \u0219i numeroasele informa\u021bii cu care r\u0103m\u00e2i, temele abordate fiind deopotriv\u0103 \u0219i abstracte \u0219i interesante; \u0219i acum cirea\u0219a de pe tort, pe mine m-a ajutat efectiv s\u0103-mi g\u0103sesc un loc de munc\u0103. P\u00e2n\u0103 \u00een prezent am primit doua propuneri de la firme diferite care caut\u0103 vorbitori de limba francez\u0103, nivel avansat .<\/p><\/blockquote>\n<p>&nbsp;<\/p>\n<p>&nbsp;<\/p>\n","protected":false},"excerpt":{"rendered":"<p>&nbsp; &nbsp; Ecouri de la elevi &nbsp; Maria Gavrilovici, XII C Teatrul este un virus pe care l-am contactat \u0219i care nu m\u0103 va p\u0103r\u0103si niciodat\u0103. Este nebunia mea! Mi s-a spus adesea c\u0103 exist\u0103 experien\u021be care schimba cursul unei vie\u021bi. A tr\u0103i lucrul acesta pe propria mea piele, crede\u021bi-m\u0103, merit\u0103 \u00eencercat ! Pe scen\u0103, &#8230; <a title=\"&#8230; de la elevi\" class=\"read-more\" href=\"https:\/\/franceza.cnprsv.ro\/?page_id=51\" aria-label=\"Read more about &#8230; de la elevi\">Read more<\/a><\/p>\n","protected":false},"author":1,"featured_media":0,"parent":16,"menu_order":1,"comment_status":"closed","ping_status":"closed","template":"page_archive.php","meta":{"footnotes":""},"class_list":["post-51","page","type-page","status-publish"],"_links":{"self":[{"href":"https:\/\/franceza.cnprsv.ro\/index.php?rest_route=\/wp\/v2\/pages\/51"}],"collection":[{"href":"https:\/\/franceza.cnprsv.ro\/index.php?rest_route=\/wp\/v2\/pages"}],"about":[{"href":"https:\/\/franceza.cnprsv.ro\/index.php?rest_route=\/wp\/v2\/types\/page"}],"author":[{"embeddable":true,"href":"https:\/\/franceza.cnprsv.ro\/index.php?rest_route=\/wp\/v2\/users\/1"}],"replies":[{"embeddable":true,"href":"https:\/\/franceza.cnprsv.ro\/index.php?rest_route=%2Fwp%2Fv2%2Fcomments&post=51"}],"version-history":[{"count":25,"href":"https:\/\/franceza.cnprsv.ro\/index.php?rest_route=\/wp\/v2\/pages\/51\/revisions"}],"predecessor-version":[{"id":66,"href":"https:\/\/franceza.cnprsv.ro\/index.php?rest_route=\/wp\/v2\/pages\/51\/revisions\/66"}],"up":[{"embeddable":true,"href":"https:\/\/franceza.cnprsv.ro\/index.php?rest_route=\/wp\/v2\/pages\/16"}],"wp:attachment":[{"href":"https:\/\/franceza.cnprsv.ro\/index.php?rest_route=%2Fwp%2Fv2%2Fmedia&parent=51"}],"curies":[{"name":"wp","href":"https:\/\/api.w.org\/{rel}","templated":true}]}}