{"id":6,"date":"2014-04-04T06:17:24","date_gmt":"2014-04-04T06:17:24","guid":{"rendered":"http:\/\/franceza.cnprsv.ro\/?page_id=6"},"modified":"2022-10-21T08:29:57","modified_gmt":"2022-10-21T06:29:57","slug":"oferta-educationala","status":"publish","type":"page","link":"https:\/\/franceza.cnprsv.ro\/?page_id=6","title":{"rendered":"Oferta educa\u021bional\u0103"},"content":{"rendered":"<h3 style=\"text-align: left;\"><strong>Oferta educa\u021bional\u0103<\/strong><\/h3>\n<p>Pentru anul \u015fcolar 2022 \u2013 2023, Colegiul National \u201ePetru Rare\u015f\u201d pune la dispozi\u0163ia absolven\u0163ilor clasei a VIII-a 2 grupe bilingve rom\u00e2n\u0103 \u2013 francez\u0103, \u00een filiera francofon\u0103:<\/p>\n<ul>\n<li>1 grup\u0103 \u0218TIIN\u021aE SOCIALE \u2013 13 locuri<\/li>\n<li>1 grup\u0103 MATEMATIC\u0102-INFORMATIC\u0102 \u2013 13 locuri<\/li>\n<\/ul>\n<p>Pentru \u00eenscrierea \u00een clasele bilingve de francez\u0103:<\/p>\n<ul>\n<li><a href=\"\/documente\/admitere_Anexa_I_Metodologie_de_organizare_si_desfasurare_a_admiterii_2011site.pdf\" target=\"_blank\" rel=\"noopener\">Metodologia de organizare \u015fi desf\u0103surare a admiterii<\/a><\/li>\n<li><a href=\"\/documente\/admitere2014_CALENDARUL_ADMITERII_2014.pdf\" target=\"_blank\" rel=\"noopener\">Calendarul admiterii<\/a><\/li>\n<li><a href=\"\/documente\/admitere_Anexa_IV_Proba_de_verificare_a_cunostintelor_de_limba_2011.pdf\" target=\"_blank\" rel=\"noopener\">Proba de verificare a cuno\u015ftin\u0163elor de limb\u0103<\/a><\/li>\n<li><a href=\"\/documente\/admitere2014_ordin_admitere_2014.pdf\" target=\"_blank\" rel=\"noopener\">Ordin privind organizarea \u015fi desf\u0103\u015furarea admiterii \u00een \u00eenv\u0103\u0163\u0103m\u00e2ntul liceal de stat, pentru anul \u015fcolar 2014-2015<\/a><\/li>\n<li><a href=\"\/documente\/admitere2014_Calcul_medie_admitere_2014.pdf\" target=\"_blank\" rel=\"noopener\">Calculul mediei de admitere<\/a><\/li>\n<\/ul>\n<p>Perioada de sus\u021binere a testului de limb\u0103 este 28-30 mai 2014, iar perioada de \u00eenscriere la test este \u00eentre 26-27 mai 2014.<\/p>\n<p>Testele sus\u021binute la admiterea \u00een clasa a IX-a, la sec\u021bia francofon\u0103 a colegiului, \u00een ultimii 9 ani:<\/p>\n<ul>\n<li><a href=\"\/documente\/admitere_Franceza_oral_2005-.rar\" target=\"_blank\" rel=\"noopener\">oral<\/a><\/li>\n<li><a href=\"\/documente\/admitere_Franceza_scris_2005-.rar\" target=\"_blank\" rel=\"noopener\">scris<\/a><\/li>\n<\/ul>\n<p>Studiul limbii franceze \u00a0la sec\u021bia francofon\u0103<img loading=\"lazy\" decoding=\"async\" class=\"aligncenter size-full wp-image-203\" src=\"https:\/\/franceza.cnprsv.ro\/wp-content\/uploads\/2014\/04\/tabel.png\" alt=\"tabel\" width=\"470\" height=\"328\" srcset=\"https:\/\/franceza.cnprsv.ro\/wp-content\/uploads\/2014\/04\/tabel.png 470w, https:\/\/franceza.cnprsv.ro\/wp-content\/uploads\/2014\/04\/tabel-300x209.png 300w\" sizes=\"(max-width: 470px) 100vw, 470px\" \/><\/p>\n","protected":false},"excerpt":{"rendered":"<p>Oferta educa\u021bional\u0103 Pentru anul \u015fcolar 2022 \u2013 2023, Colegiul National \u201ePetru Rare\u015f\u201d pune la dispozi\u0163ia absolven\u0163ilor clasei a VIII-a 2 grupe bilingve rom\u00e2n\u0103 \u2013 francez\u0103, \u00een filiera francofon\u0103: 1 grup\u0103 \u0218TIIN\u021aE SOCIALE \u2013 13 locuri 1 grup\u0103 MATEMATIC\u0102-INFORMATIC\u0102 \u2013 13 locuri Pentru \u00eenscrierea \u00een clasele bilingve de francez\u0103: Metodologia de organizare \u015fi desf\u0103surare a admiterii &#8230; <a title=\"Oferta educa\u021bional\u0103\" class=\"read-more\" href=\"https:\/\/franceza.cnprsv.ro\/?page_id=6\" aria-label=\"Read more about Oferta educa\u021bional\u0103\">Read more<\/a><\/p>\n","protected":false},"author":1,"featured_media":0,"parent":77,"menu_order":2,"comment_status":"closed","ping_status":"closed","template":"page_archive.php","meta":{"footnotes":""},"class_list":["post-6","page","type-page","status-publish"],"_links":{"self":[{"href":"https:\/\/franceza.cnprsv.ro\/index.php?rest_route=\/wp\/v2\/pages\/6"}],"collection":[{"href":"https:\/\/franceza.cnprsv.ro\/index.php?rest_route=\/wp\/v2\/pages"}],"about":[{"href":"https:\/\/franceza.cnprsv.ro\/index.php?rest_route=\/wp\/v2\/types\/page"}],"author":[{"embeddable":true,"href":"https:\/\/franceza.cnprsv.ro\/index.php?rest_route=\/wp\/v2\/users\/1"}],"replies":[{"embeddable":true,"href":"https:\/\/franceza.cnprsv.ro\/index.php?rest_route=%2Fwp%2Fv2%2Fcomments&post=6"}],"version-history":[{"count":18,"href":"https:\/\/franceza.cnprsv.ro\/index.php?rest_route=\/wp\/v2\/pages\/6\/revisions"}],"predecessor-version":[{"id":459,"href":"https:\/\/franceza.cnprsv.ro\/index.php?rest_route=\/wp\/v2\/pages\/6\/revisions\/459"}],"up":[{"embeddable":true,"href":"https:\/\/franceza.cnprsv.ro\/index.php?rest_route=\/wp\/v2\/pages\/77"}],"wp:attachment":[{"href":"https:\/\/franceza.cnprsv.ro\/index.php?rest_route=%2Fwp%2Fv2%2Fmedia&parent=6"}],"curies":[{"name":"wp","href":"https:\/\/api.w.org\/{rel}","templated":true}]}}