{"id":87,"date":"2014-04-04T13:30:31","date_gmt":"2014-04-04T11:30:31","guid":{"rendered":"http:\/\/franceza.cnprsv.ro\/?page_id=87"},"modified":"2022-10-21T08:38:37","modified_gmt":"2022-10-21T06:38:37","slug":"echipa-pedagogica","status":"publish","type":"page","link":"https:\/\/franceza.cnprsv.ro\/?page_id=87","title":{"rendered":"Echipa pedagogic\u0103"},"content":{"rendered":"<h3 style=\"text-align: left;\"><strong>Echipa pedagogic\u0103 a sec\u021biei francofone<br \/>\n<\/strong><\/h3>\n<ul>\n<li>Director Dungeanu Daniela, profesor de fizic\u0103, grad I \u2013 stagiu la Brest<\/li>\n<li>Director adjunct Greculeac Anca, profesor de fizic\u0103, grad I \u2013 responsabil al sec\u021biei francofone, bursier\u0103 a guvernului francez, stagii la Institutul francez de la Bucure\u0219ti, Universitatea de var\u0103 Ia\u0219i<\/li>\n<li>Mocanu Lumini\u021ba, profesor de francez\u0103, grad I \u2013 stagii la Besancon, Lorient, Gala\u021bi, Bucure\u0219ti, Ploie\u0219ti, Ia\u0219i, Bra\u0219ov<\/li>\n<li>Ciurari Laurica, profesor de francez\u0103, grad I \u2013 stagii la Lorient, Caen, Sevres, Bucure\u0219ti, Bra\u0219ov, Gala\u021bi, Constan\u021ba, Ia\u0219i<\/li>\n<li>Br\u0103escu Andreea, profesor de francez\u0103, doctor \u00een litere<\/li>\n<li>Lucaci Cristina, profesor de francez\u0103, doctor \u00een litere \u2013 stadiu la Nice<\/li>\n<li>Chitul Ramona, profesor de biologie, grad I<\/li>\n<li>Ciubotariu Mihaela, profesor de geografie, grad I \u2013 stagii la Lorient, Bucure\u0219ti, Ia\u0219i, Sibiu, Bra\u0219ov<\/li>\n<li>Capbun Dana, profesor de chimie, grad I \u2013 stagii la Sevres, Vichy, Chi\u0219in\u0103u, Bra\u0219ov<\/li>\n<li>\u021aig\u0103eru Angela, profesor de matematic\u0103, grad I \u2013 stagii la Sibiu, Bra\u0219ov, Ia\u0219i<\/li>\n<li>Tomasciuc Lenu\u021ba, profesor de matematic\u0103, grad I \u2013 stagii la Besancon, Ia\u0219i, Sibiu, Bra\u0219ov<\/li>\n<li>Glaser Antonela-Gabriela, profesor de istorie, grad I \u2013 coordonator al sec\u021biei bilingve francofone, stagii la Sevres, Lorient, Nantes, B\u0103i\u0219oara, Bucure\u0219ti, Ia\u0219i, Gala\u021bi, Sibiu<\/li>\n<li>Tabarcea Isabela, profesor de arte, grad I.<\/li>\n<\/ul>\n","protected":false},"excerpt":{"rendered":"<p>Echipa pedagogic\u0103 a sec\u021biei francofone Director Dungeanu Daniela, profesor de fizic\u0103, grad I \u2013 stagiu la Brest Director adjunct Greculeac Anca, profesor de fizic\u0103, grad I \u2013 responsabil al sec\u021biei francofone, bursier\u0103 a guvernului francez, stagii la Institutul francez de la Bucure\u0219ti, Universitatea de var\u0103 Ia\u0219i Mocanu Lumini\u021ba, profesor de francez\u0103, grad I \u2013 stagii &#8230; <a title=\"Echipa pedagogic\u0103\" class=\"read-more\" href=\"https:\/\/franceza.cnprsv.ro\/?page_id=87\" aria-label=\"Read more about Echipa pedagogic\u0103\">Read more<\/a><\/p>\n","protected":false},"author":1,"featured_media":0,"parent":77,"menu_order":7,"comment_status":"open","ping_status":"open","template":"page_archive.php","meta":{"footnotes":""},"class_list":["post-87","page","type-page","status-publish"],"_links":{"self":[{"href":"https:\/\/franceza.cnprsv.ro\/index.php?rest_route=\/wp\/v2\/pages\/87"}],"collection":[{"href":"https:\/\/franceza.cnprsv.ro\/index.php?rest_route=\/wp\/v2\/pages"}],"about":[{"href":"https:\/\/franceza.cnprsv.ro\/index.php?rest_route=\/wp\/v2\/types\/page"}],"author":[{"embeddable":true,"href":"https:\/\/franceza.cnprsv.ro\/index.php?rest_route=\/wp\/v2\/users\/1"}],"replies":[{"embeddable":true,"href":"https:\/\/franceza.cnprsv.ro\/index.php?rest_route=%2Fwp%2Fv2%2Fcomments&post=87"}],"version-history":[{"count":39,"href":"https:\/\/franceza.cnprsv.ro\/index.php?rest_route=\/wp\/v2\/pages\/87\/revisions"}],"predecessor-version":[{"id":462,"href":"https:\/\/franceza.cnprsv.ro\/index.php?rest_route=\/wp\/v2\/pages\/87\/revisions\/462"}],"up":[{"embeddable":true,"href":"https:\/\/franceza.cnprsv.ro\/index.php?rest_route=\/wp\/v2\/pages\/77"}],"wp:attachment":[{"href":"https:\/\/franceza.cnprsv.ro\/index.php?rest_route=%2Fwp%2Fv2%2Fmedia&parent=87"}],"curies":[{"name":"wp","href":"https:\/\/api.w.org\/{rel}","templated":true}]}}